{"id":117,"date":"2025-03-04T15:09:36","date_gmt":"2025-03-04T14:09:36","guid":{"rendered":"https:\/\/collegedemontussan.fr\/?page_id=117"},"modified":"2025-03-04T15:11:16","modified_gmt":"2025-03-04T14:11:16","slug":"troisieme","status":"publish","type":"page","link":"https:\/\/collegedemontussan.fr\/index.php\/troisieme\/","title":{"rendered":"Troisi\u00e8me"},"content":{"rendered":"\n<p>Les classes de Troisi\u00e8me seront accueillies \u00e0 partir de la rentr\u00e9e de <strong>Septembre 2026<\/strong>.<\/p>\n\n\n\n<p><\/p>\n","protected":false},"excerpt":{"rendered":"<p>Les classes de Troisi\u00e8me seront accueillies \u00e0 partir de la rentr\u00e9e de Septembre 2026.<\/p>\n","protected":false},"author":1,"featured_media":0,"parent":0,"menu_order":0,"comment_status":"closed","ping_status":"closed","template":"","meta":{"footnotes":""},"class_list":["post-117","page","type-page","status-publish","hentry"],"_links":{"self":[{"href":"https:\/\/collegedemontussan.fr\/index.php\/wp-json\/wp\/v2\/pages\/117","targetHints":{"allow":["GET"]}}],"collection":[{"href":"https:\/\/collegedemontussan.fr\/index.php\/wp-json\/wp\/v2\/pages"}],"about":[{"href":"https:\/\/collegedemontussan.fr\/index.php\/wp-json\/wp\/v2\/types\/page"}],"author":[{"embeddable":true,"href":"https:\/\/collegedemontussan.fr\/index.php\/wp-json\/wp\/v2\/users\/1"}],"replies":[{"embeddable":true,"href":"https:\/\/collegedemontussan.fr\/index.php\/wp-json\/wp\/v2\/comments?post=117"}],"version-history":[{"count":3,"href":"https:\/\/collegedemontussan.fr\/index.php\/wp-json\/wp\/v2\/pages\/117\/revisions"}],"predecessor-version":[{"id":123,"href":"https:\/\/collegedemontussan.fr\/index.php\/wp-json\/wp\/v2\/pages\/117\/revisions\/123"}],"wp:attachment":[{"href":"https:\/\/collegedemontussan.fr\/index.php\/wp-json\/wp\/v2\/media?parent=117"}],"curies":[{"name":"wp","href":"https:\/\/api.w.org\/{rel}","templated":true}]}}