{"id":127,"date":"2025-03-04T15:15:39","date_gmt":"2025-03-04T14:15:39","guid":{"rendered":"https:\/\/collegedemontussan.fr\/?page_id=127"},"modified":"2025-05-20T18:00:14","modified_gmt":"2025-05-20T16:00:14","slug":"inscriptions","status":"publish","type":"page","link":"https:\/\/collegedemontussan.fr\/index.php\/inscriptions\/","title":{"rendered":"Inscriptions"},"content":{"rendered":"\n<p>Voici les renseignements et dossiers n\u00e9cessaires \u00e0 l&rsquo;inscription pour la rentr\u00e9e 2025.<\/p>\n\n\n\n<h3 class=\"wp-block-heading\">Lieu et dates de l&rsquo;inscription<\/h3>\n\n\n\n<p>L&rsquo;inscription des \u00e9l\u00e8ves aura lieu \u00e0 la salle Carpe Diem de la <a href=\"https:\/\/maps.app.goo.gl\/dVVY9WN2JZbjyiiD7\">M\u00e9diath\u00e8que de Montussan<\/a> les jours suivants :<\/p>\n\n\n\n<ul class=\"wp-block-list\">\n<li>samedi 14\/06 : 9h00 \u00e0 12h30, (uniquement pour les 5\u00e8mes et 4\u00e8mes affect\u00e9s) <\/li>\n\n\n\n<li>mercredi 18\/06 : 9h00 \u00e0 12h30 et 14h00 \u00e0 17h00 <\/li>\n\n\n\n<li>samedi 21\/06 : 9h00 \u00e0 12h30<\/li>\n<\/ul>\n\n\n\n<h3 class=\"wp-block-heading\">Dossiers d&rsquo;inscription<\/h3>\n\n\n\n<ul class=\"wp-block-list\">\n<li><a href=\"http:\/\/collegedemontussan.fr\/wp-content\/uploads\/2025\/03\/INSCRIPTION-6EME.pdf\" class=\"mtli_attachment mtli_pdf\" data-type=\"link\" data-id=\"http:\/\/collegedemontussan.fr\/wp-content\/uploads\/2025\/03\/INSCRIPTION-6EME.pdf\" target=\"_blank\" rel=\"noreferrer noopener\">Sixi\u00e8me<\/a> <\/li>\n\n\n\n<li><a href=\"http:\/\/collegedemontussan.fr\/wp-content\/uploads\/2025\/03\/INSCRIPTION-5EME.pdf\" class=\"mtli_attachment mtli_pdf\" data-type=\"link\" data-id=\"http:\/\/collegedemontussan.fr\/wp-content\/uploads\/2025\/03\/INSCRIPTION-6EME.pdf\" target=\"_blank\" rel=\"noreferrer noopener\">Cinqui\u00e8me<\/a><\/li>\n\n\n\n<li><a href=\"http:\/\/collegedemontussan.fr\/wp-content\/uploads\/2025\/03\/INSCRIPTION-4EME.pdf\" class=\"mtli_attachment mtli_pdf\" data-type=\"link\" data-id=\"http:\/\/collegedemontussan.fr\/wp-content\/uploads\/2025\/03\/INSCRIPTION-6EME.pdf\" target=\"_blank\" rel=\"noreferrer noopener\">Quatri\u00e8me<\/a> <\/li>\n<\/ul>\n\n\n\n<h3 class=\"wp-block-heading\">Liste de fournitures<\/h3>\n\n\n\n<ul class=\"wp-block-list\">\n<li><a href=\"http:\/\/collegedemontussan.fr\/wp-content\/uploads\/2025\/05\/liste_fournitures.pdf\" class=\"mtli_attachment mtli_pdf\" data-type=\"link\" data-id=\"http:\/\/collegedemontussan.fr\/wp-content\/uploads\/2025\/05\/liste_fournitures.pdf\" target=\"_blank\" rel=\"noreferrer noopener\">T\u00e9l\u00e9chargez ici<\/a> la liste de fournitures.<\/li>\n<\/ul>\n\n\n\n<h3 class=\"wp-block-heading\"><mark style=\"background-color:rgba(0, 0, 0, 0)\" class=\"has-inline-color has-vivid-red-color\">Important :<\/mark><\/h3>\n\n\n\n<div class=\"wp-block-group\"><div class=\"wp-block-group__inner-container is-layout-constrained wp-block-group-is-layout-constrained\">\n<p>Le conseil d\u00e9partemental a fait \u00e9voluer la sectorisation pour la rentr\u00e9e scolaire 2025 pr\u00e9voyant le rattachement au coll\u00e8ge de Montussan des communes de Beychac et Caillau, Montussan, Pompignac, Saint Sulpice et Cameyrac, et Salleboeuf (cf.&nbsp;<a href=\"https:\/\/monetablissement.gironde.fr\/\" target=\"_blank\" rel=\"noreferrer noopener\">https:\/\/monetablissement.gironde.fr\/<\/a>&nbsp;).<\/p>\n\n\n\n<p>Le directeur acad\u00e9mique proc\u00e8de \u00e0 l&rsquo;affectation des \u00e9l\u00e8ves (obligatoirement pour une nouvelle inscription) selon les principes r\u00e9glementaires suivants :<\/p>\n\n\n\n<ul class=\"wp-block-list\">\n<li><strong>les \u00e9l\u00e8ves actuellement scolaris\u00e9s en CM2 et 6\u00e8me&nbsp;<\/strong>sont affect\u00e9s de droit respectivement en 6\u00e8me et 5\u00e8me dans leur nouveau coll\u00e8ge de secteur, le coll\u00e8ge de Montussan .<\/li>\n\n\n\n<li><strong>les \u00e9l\u00e8ves actuellement scolaris\u00e9s en 5<sup>\u00e8me<\/sup>&nbsp;<\/strong>ont le choix de solliciter un changement d\u2019\u00e9tablissement pour leur nouveau coll\u00e8ge de secteur, le coll\u00e8ge de Montussan ou une poursuite de scolarit\u00e9 dans le coll\u00e8ge actuellement fr\u00e9quent\u00e9.<\/li>\n<\/ul>\n\n\n\n<p>Dans ce cadre, chaque famille concern\u00e9e par un changement d&rsquo;\u00e9tablissement re\u00e7oit une notification d&rsquo;affectation du directeur acad\u00e9mique. Pour le passage en 6\u00e8me, son interlocuteur de proximit\u00e9 pour l&rsquo;accompagner est le directeur d&rsquo;\u00e9cole. Le chef d&rsquo;\u00e9tablissement des coll\u00e8ges ayant des familles concern\u00e9es par cette proc\u00e9dure se rapproche de chacune d&rsquo;entre-elles d\u00e8s le mois d&rsquo;avril concernant le passage en 5\u00e8me et 4\u00e8me .&nbsp;<\/p>\n\n\n\n<p>Le&nbsp;<strong>calendrier de l&rsquo;affectation<\/strong>&nbsp;des enfants est le suivant : <\/p>\n\n\n\n<ul class=\"wp-block-list\">\n<li>\u00e0 partir du jeudi 12 juin pour les niveaux 5 et 4\u00e8me ;<\/li>\n\n\n\n<li>\u00e0 partir du lundi 16 juin concernant le niveau 6\u00e8me.<\/li>\n<\/ul>\n<\/div><\/div>\n","protected":false},"excerpt":{"rendered":"<p>Voici les renseignements et dossiers n\u00e9cessaires \u00e0 l&rsquo;inscription pour la rentr\u00e9e 2025. Lieu et dates de l&rsquo;inscription L&rsquo;inscription des \u00e9l\u00e8ves aura lieu \u00e0 la salle Carpe Diem de la M\u00e9diath\u00e8que de Montussan les jours suivants : Dossiers d&rsquo;inscription Liste de fournitures Important : Le conseil d\u00e9partemental a fait \u00e9voluer la sectorisation pour la rentr\u00e9e scolaire [&hellip;]<\/p>\n","protected":false},"author":1,"featured_media":0,"parent":0,"menu_order":0,"comment_status":"closed","ping_status":"closed","template":"","meta":{"footnotes":""},"class_list":["post-127","page","type-page","status-publish","hentry"],"_links":{"self":[{"href":"https:\/\/collegedemontussan.fr\/index.php\/wp-json\/wp\/v2\/pages\/127","targetHints":{"allow":["GET"]}}],"collection":[{"href":"https:\/\/collegedemontussan.fr\/index.php\/wp-json\/wp\/v2\/pages"}],"about":[{"href":"https:\/\/collegedemontussan.fr\/index.php\/wp-json\/wp\/v2\/types\/page"}],"author":[{"embeddable":true,"href":"https:\/\/collegedemontussan.fr\/index.php\/wp-json\/wp\/v2\/users\/1"}],"replies":[{"embeddable":true,"href":"https:\/\/collegedemontussan.fr\/index.php\/wp-json\/wp\/v2\/comments?post=127"}],"version-history":[{"count":15,"href":"https:\/\/collegedemontussan.fr\/index.php\/wp-json\/wp\/v2\/pages\/127\/revisions"}],"predecessor-version":[{"id":398,"href":"https:\/\/collegedemontussan.fr\/index.php\/wp-json\/wp\/v2\/pages\/127\/revisions\/398"}],"wp:attachment":[{"href":"https:\/\/collegedemontussan.fr\/index.php\/wp-json\/wp\/v2\/media?parent=127"}],"curies":[{"name":"wp","href":"https:\/\/api.w.org\/{rel}","templated":true}]}}

<p>Voici les renseignements et dossiers nécessaires à l&rsquo;inscription pour la rentrée 2025.</p>



<h3 class="wp-block-heading">Lieu et dates de l&rsquo;inscription</h3>



<p>L&rsquo;inscription des élèves aura lieu à la salle Carpe Diem de la <a href="https://maps.app.goo.gl/dVVY9WN2JZbjyiiD7">Médiathèque de Montussan</a> les jours suivants :</p>



<ul class="wp-block-list">
<li>samedi 14/06 : 9h00 à 12h30, (uniquement pour les 5èmes et 4èmes affectés) </li>



<li>mercredi 18/06 : 9h00 à 12h30 et 14h00 à 17h00 </li>



<li>samedi 21/06 : 9h00 à 12h30</li>
</ul>



<h3 class="wp-block-heading">Dossiers d&rsquo;inscription</h3>



<ul class="wp-block-list">
<li><a href="http://collegedemontussan.fr/wp-content/uploads/2025/03/INSCRIPTION-6EME.pdf" class="mtli_attachment mtli_pdf" data-type="link" data-id="http://collegedemontussan.fr/wp-content/uploads/2025/03/INSCRIPTION-6EME.pdf" target="_blank" rel="noreferrer noopener">Sixième</a> </li>



<li><a href="http://collegedemontussan.fr/wp-content/uploads/2025/03/INSCRIPTION-5EME.pdf" class="mtli_attachment mtli_pdf" data-type="link" data-id="http://collegedemontussan.fr/wp-content/uploads/2025/03/INSCRIPTION-6EME.pdf" target="_blank" rel="noreferrer noopener">Cinquième</a></li>



<li><a href="http://collegedemontussan.fr/wp-content/uploads/2025/03/INSCRIPTION-4EME.pdf" class="mtli_attachment mtli_pdf" data-type="link" data-id="http://collegedemontussan.fr/wp-content/uploads/2025/03/INSCRIPTION-6EME.pdf" target="_blank" rel="noreferrer noopener">Quatrième</a> </li>
</ul>



<h3 class="wp-block-heading">Liste de fournitures</h3>



<ul class="wp-block-list">
<li><a href="http://collegedemontussan.fr/wp-content/uploads/2025/05/liste_fournitures.pdf" class="mtli_attachment mtli_pdf" data-type="link" data-id="http://collegedemontussan.fr/wp-content/uploads/2025/05/liste_fournitures.pdf" target="_blank" rel="noreferrer noopener">Téléchargez ici</a> la liste de fournitures.</li>
</ul>



<h3 class="wp-block-heading"><mark style="background-color:rgba(0, 0, 0, 0)" class="has-inline-color has-vivid-red-color">Important :</mark></h3>



<div class="wp-block-group"><div class="wp-block-group__inner-container is-layout-constrained wp-block-group-is-layout-constrained">
<p>Le conseil départemental a fait évoluer la sectorisation pour la rentrée scolaire 2025 prévoyant le rattachement au collège de Montussan des communes de Beychac et Caillau, Montussan, Pompignac, Saint Sulpice et Cameyrac, et Salleboeuf (cf.&nbsp;<a href="https://monetablissement.gironde.fr/" target="_blank" rel="noreferrer noopener">https://monetablissement.gironde.fr/</a>&nbsp;).</p>



<p>Le directeur académique procède à l&rsquo;affectation des élèves (obligatoirement pour une nouvelle inscription) selon les principes réglementaires suivants :</p>



<ul class="wp-block-list">
<li><strong>les élèves actuellement scolarisés en CM2 et 6ème&nbsp;</strong>sont affectés de droit respectivement en 6ème et 5ème dans leur nouveau collège de secteur, le collège de Montussan .</li>



<li><strong>les élèves actuellement scolarisés en 5<sup>ème</sup>&nbsp;</strong>ont le choix de solliciter un changement d’établissement pour leur nouveau collège de secteur, le collège de Montussan ou une poursuite de scolarité dans le collège actuellement fréquenté.</li>
</ul>



<p>Dans ce cadre, chaque famille concernée par un changement d&rsquo;établissement reçoit une notification d&rsquo;affectation du directeur académique. Pour le passage en 6ème, son interlocuteur de proximité pour l&rsquo;accompagner est le directeur d&rsquo;école. Le chef d&rsquo;établissement des collèges ayant des familles concernées par cette procédure se rapproche de chacune d&rsquo;entre-elles dès le mois d&rsquo;avril concernant le passage en 5ème et 4ème .&nbsp;</p>



<p>Le&nbsp;<strong>calendrier de l&rsquo;affectation</strong>&nbsp;des enfants est le suivant : </p>



<ul class="wp-block-list">
<li>à partir du jeudi 12 juin pour les niveaux 5 et 4ème ;</li>



<li>à partir du lundi 16 juin concernant le niveau 6ème.</li>
</ul>
</div></div>

<p>Voici les renseignements et dossiers nécessaires à l&rsquo;inscription pour la rentrée 2025. Lieu et dates de l&rsquo;inscription L&rsquo;inscription des élèves aura lieu à la salle Carpe Diem de la Médiathèque de Montussan les jours suivants : Dossiers d&rsquo;inscription Liste de fournitures Important : Le conseil départemental a fait évoluer la sectorisation pour la rentrée scolaire [&hellip;]</p>
