{"id":152,"date":"2025-03-10T21:01:17","date_gmt":"2025-03-10T20:01:17","guid":{"rendered":"https:\/\/collegedemontussan.fr\/?page_id=152"},"modified":"2025-08-29T16:18:56","modified_gmt":"2025-08-29T14:18:56","slug":"contact","status":"publish","type":"page","link":"https:\/\/collegedemontussan.fr\/index.php\/contact\/","title":{"rendered":"Contact"},"content":{"rendered":"\n<p><strong>Adresse :<\/strong><\/p>\n\n\n\n<p>Coll\u00e8ge de Montussan<\/p>\n\n\n\n<p>12 route d&rsquo;Ang\u00e9line <\/p>\n\n\n\n<p> 33450 Montussan<\/p>\n\n\n\n<p>T\u00e9l\u00e9phone : \u00a005.56.72.06.13<\/p>\n\n\n\n<p><strong>Localisation : <\/strong><\/p>\n\n\n\n<p><a href=\"https:\/\/maps.app.goo.gl\/RP7SMmy2ZT5Y4gLr6\">https:\/\/maps.app.goo.gl\/RP7SMmy2ZT5Y4gLr6<\/a><\/p>\n\n\n\n<p><\/p>\n\n\n\n<p><strong>Adresse email :<\/strong> <a href=\"mailto:  ce.0333659Y@ac-bordeaux.fr\">ce.0333659Y@ac-bordeaux.fr<\/a> <\/p>\n","protected":false},"excerpt":{"rendered":"<p>Adresse : Coll\u00e8ge de Montussan 12 route d&rsquo;Ang\u00e9line 33450 Montussan T\u00e9l\u00e9phone : \u00a005.56.72.06.13 Localisation : https:\/\/maps.app.goo.gl\/RP7SMmy2ZT5Y4gLr6 Adresse email : ce.0333659Y@ac-bordeaux.fr<\/p>\n","protected":false},"author":1,"featured_media":0,"parent":0,"menu_order":0,"comment_status":"closed","ping_status":"closed","template":"","meta":{"footnotes":""},"class_list":["post-152","page","type-page","status-publish","hentry"],"_links":{"self":[{"href":"https:\/\/collegedemontussan.fr\/index.php\/wp-json\/wp\/v2\/pages\/152","targetHints":{"allow":["GET"]}}],"collection":[{"href":"https:\/\/collegedemontussan.fr\/index.php\/wp-json\/wp\/v2\/pages"}],"about":[{"href":"https:\/\/collegedemontussan.fr\/index.php\/wp-json\/wp\/v2\/types\/page"}],"author":[{"embeddable":true,"href":"https:\/\/collegedemontussan.fr\/index.php\/wp-json\/wp\/v2\/users\/1"}],"replies":[{"embeddable":true,"href":"https:\/\/collegedemontussan.fr\/index.php\/wp-json\/wp\/v2\/comments?post=152"}],"version-history":[{"count":7,"href":"https:\/\/collegedemontussan.fr\/index.php\/wp-json\/wp\/v2\/pages\/152\/revisions"}],"predecessor-version":[{"id":438,"href":"https:\/\/collegedemontussan.fr\/index.php\/wp-json\/wp\/v2\/pages\/152\/revisions\/438"}],"wp:attachment":[{"href":"https:\/\/collegedemontussan.fr\/index.php\/wp-json\/wp\/v2\/media?parent=152"}],"curies":[{"name":"wp","href":"https:\/\/api.w.org\/{rel}","templated":true}]}}